t is the highest common factor of 2108 and 68?
68
What is the highest common factor of 25422 and 570?
114
What is the highest common divisor of 98 and 63?
7
What is the greatest common divisor of 5 and 4955?
5
What is the highest common factor of 470 and 50?
10
What is the greatest common factor of 8 and 6712?
8
Calculate the highest common divisor of 40 and 16.
8
Calculate the highest common divisor of 147 and 3.
3
Calculate the highest common factor of 110 and 30.
10
What is the highest common divisor of 5 and 1560?
5
What is the highest common factor of 260 and 30?
10
Calculate the greatest common factor of 14 and 8267.
7
Calculate the highest common divisor of 106 and 16.
2
What is the greatest common factor of 185 and 111?
37
What is the greatest common divisor of 1060 and 60?
20
Calculate the greatest common factor of 70 and 50.
10
Calculate the greatest common factor of 30 and 42.
6
Calculate the highest common factor of 7999 and 7578.
421
What is the greatest common factor of 192 and 78?
6
Calculate the highest common factor of 176 and 660.
44
Calculate the highest common divisor of 12 and 92.
4
What is the greatest common divisor of 306 and 85?
17
What is the greatest common divisor of 1426 and 322?
46
What is the highest common divisor of 117 and 52?
13
Calculate the greatest common divisor of 4085 and 1900.
95
Calculate the greatest common factor of 295 and 160.
5
What is the greatest common factor of 13503 and 21?
21
What is the greatest common divisor of 78 and 494?
26
What is the greatest common divisor of 248 and 2294?
62
Calculate the highest common divisor of 30 and 3126.
6
What is the highest common divisor of 1661 and 5285?
151
Calculate the greatest common divisor of 18 and 558.
18
What is the greatest common factor of 21 and 123?
3
What is the highest common divisor of 3320 and 40?
40
What is the highest common factor of 11395 and 53?
53
Calculate the greatest common factor of 3827 and 43.
43
What is the highest common factor of 5 and 65?
5
Calculate the greatest common factor of 649 and 33.
11
Calculate the highest common divisor of 1515 and 210.
15
What is the highest common divisor of 100 and 3860?
20
Calculate the highest common factor of 6 and 326.
2
Calculate the highest common divisor of 7 and 679.
7
What is the greatest common divisor of 5719 and 399?
133
Calculate the greatest common factor of 7 and 2989.
7
What is the highest common factor of 204 and 36?
12
Calculate the highest common factor of 14 and 2.
2
Calculate the greatest common factor of 17854 and 158.
158
Calculate the highest common divisor of 16 and 304.
16
What is the highest common divisor of 2 and 9440?
2
Calculate the highest common factor of 276 and 18.
6
Calculate the highest common factor of 73 and 78.
1
What is the greatest common factor of 396 and 2706?
66
Calculate the highest common divisor of 96 and 342.
6
What is the greatest common factor of 140 and 20?
20
What is the highest common factor of 10 and 1030?
10
What is the highest common factor of 70 and 85?
5
What is the greatest common divisor of 4158 and 308?
154
What is the greatest common factor of 54 and 954?
18
Calculate the highest common divisor of 77 and 187.
11
What is the highest common factor of 87 and 58?
29
Calculate the highest common factor of 12 and 10482.
6
What is the greatest common factor of 29 and 841?
29
What is the greatest common divisor of 51 and 204?
51
Calculate the greatest common factor of 490 and 20.
10
What is the greatest common factor of 126456 and 11?
11
Calculate the greatest common factor of 52 and 1586.
26
What is the highest common divisor of 6 and 303?
3
Calculate the greatest common divisor of 371 and 106.
53
What is the greatest common factor of 164 and 1271?
41
Calculate the highest common divisor of 40 and 1336.
8
Calculate the greatest common divisor of 532 and 46.
2
What is the highest common divisor of 10 and 19990?
10
What is the greatest common factor of 3 and 4371?
3
Calculate the highest common factor of 248 and 8.
8
What is the highest common divisor of 100 and 100?
100
Calculate the highest common divisor of 169 and 11323.
169
What is the highest common divisor of 135 and 243?
27
What is the highest common factor of 145 and 5?
5
Calculate the highest common factor of 14 and 203.
7
What is the highest common factor of 208 and 13?
13
Calculate the greatest common divisor of 1746 and 27.
9
What is the highest common factor of 819 and 441?
63
What is the greatest common divisor of 3787 and 21?
7
Calculate the greatest common divisor of 250 and 100.
50
What is the highest common divisor of 3349 and 197?
197
What is the highest common factor of 12 and 54?
6
What is the highest common divisor of 204 and 132?
12
What is the highest common divisor of 20 and 16?
4
What is the highest common factor of 800 and 1280?
160
Calculate the greatest common divisor of 48 and 13088.
16
What is the highest common divisor of 1177 and 88?
11
What is the greatest common factor of 12 and 114?
6
Calculate the highest common factor of 2 and 190.
2
Calculate the highest common factor of 965 and 5.
5
What is the highest common factor of 9 and 120?
3
Calculate the greatest common factor of 70 and 90.
10
What is the highest common factor of 119 and 3723?
17
What is the greatest common divisor of 12 and 5268?
12
Calculate the highest common divisor of 912 and 18.
6
Calculate the greatest common factor of 1853 and 545.
109
What is the greatest common divisor of 247 and 76?
19
What is the highest common divisor of 42 and 315?
21
Calculate the greatest common divisor of 21 and 7.
7
What is the greatest common divisor of 253 and 33?
11
Calculate the greatest common divisor of 108 and 4.
4
Calculate the greatest common factor of 31326 and 138.
138
What is the greatest common divisor of 30 and 1155?
15
What is the greatest common factor of 45 and 15?
15
Calculate the greatest common factor of 26 and 28444.
26
What is the highest common factor of 105 and 30?
15
What is the greatest common factor of 806 and 124?
62
Calculate the highest common divisor of 18 and 3528.
18
What is the highest common divisor of 3417 and 51?
51
What is the greatest common divisor of 18 and 27?
9
Calculate the greatest common factor of 268 and 12.
4
What is the greatest common divisor of 202 and 27977?
101
Calculate the highest common factor of 210 and 5082.
42
What is the highest common divisor of 12 and 36?
12
What is the highest common divisor of 627 and 374?
11
What is the highest common factor of 441 and 49?
49
What is the greatest common divisor of 392 and 16?
8
What is the highest common divisor of 8 and 88?
8
Calculate the highest common factor of 14 and 49.
7
What is the highest common divisor of 17864 and 29?
29
What is the highest common factor of 44672 and 8?
8
Calculate the greatest common factor of 1147 and 124.
31
What is the greatest common factor of 2290 and 110?
10
What is the greatest common factor of 725 and 175?
25
Calculate the greatest common factor of 24 and 600.
24
What is the highest common factor of 22 and 1309?
11
What is the greatest common divisor of 771 and 22873?
257
What is the greatest common factor of 3096 and 72?
72
What is the greatest common factor of 4974 and 24?
6
Calculate the greatest common factor of 8716 and 8.
4
Calculate the highest common divisor of 3186 and 216.
54
Calculate the greatest common divisor of 1145 and 10.
5
What is the greatest common factor of 165 and 300?
15
What is the greatest common factor of 495 and 360?
45
What is the greatest common factor of 90 and 414?
18
Calculate the highest common divisor of 936 and 36.
36
What is the highest common divisor of 725 and 899?
29
What is the highest common divisor of 24 and 156?
12
What is the highest common factor of 2648 and 16?
8
What is the highest common divisor of 9730 and 280?
70
What is the highest common factor of 12176 and 96?
16
Calculate the highest common divisor of 121 and 1419.
11
What is the greatest common divisor of 24 and 744?
24
Calculate the greatest common divisor of 12 and 278.
2
Calculate the greatest common divisor of 361 and 68951.
361
Calculate the highest common divisor of 1106 and 14.
14
Calculate the highest common factor of 64 and 56.
8
Calculate the highest comm